{"id":1175,"date":"2019-02-23T15:59:57","date_gmt":"2019-02-23T15:59:57","guid":{"rendered":"http:\/\/seemer-fastnachtsgaudi.de\/?page_id=1175"},"modified":"2026-02-09T07:27:34","modified_gmt":"2026-02-09T07:27:34","slug":"sponsoren","status":"publish","type":"page","link":"https:\/\/seemer-fastnachtsgaudi.de\/?page_id=1175","title":{"rendered":"Sponsoren"},"content":{"rendered":"<p><div class=\"fusion-fullwidth fullwidth-box fusion-builder-row-1 nonhundred-percent-fullwidth non-hundred-percent-height-scrolling\" style=\"--awb-border-radius-top-left:0px;--awb-border-radius-top-right:0px;--awb-border-radius-bottom-right:0px;--awb-border-radius-bottom-left:0px;--awb-flex-wrap:wrap;\" ><div class=\"fusion-builder-row fusion-row\"><div class=\"fusion-layout-column fusion_builder_column fusion-builder-column-0 fusion_builder_column_1_1 1_1 fusion-one-full fusion-column-first fusion-column-last\" style=\"--awb-bg-size:cover;\"><div class=\"fusion-column-wrapper fusion-flex-column-wrapper-legacy\"><div class=\"fusion-text fusion-text-1\"><p style=\"text-align: left;\"><div class=\"fusion-image-element fusion-image-align-right in-legacy-container\" style=\"text-align:right;--awb-max-width:60%;--awb-caption-title-font-family:var(--h2_typography-font-family);--awb-caption-title-font-weight:var(--h2_typography-font-weight);--awb-caption-title-font-style:var(--h2_typography-font-style);--awb-caption-title-size:var(--h2_typography-font-size);--awb-caption-title-transform:var(--h2_typography-text-transform);--awb-caption-title-line-height:var(--h2_typography-line-height);--awb-caption-title-letter-spacing:var(--h2_typography-letter-spacing);\"><span class=\" fusion-imageframe imageframe-dropshadow imageframe-1 hover-type-zoomin\" style=\"border:2px solid #ff8a00;-webkit-box-shadow: 3px 3px 7px rgba(0,0,0,0.3);box-shadow: 3px 3px 7px rgba(0,0,0,0.3);margin-left:25px;float:right;\"><img decoding=\"async\" width=\"1500\" height=\"996\" title=\"SponsorenHelau\" src=\"http:\/\/seemer-fastnachtsgaudi.de\/wp-content\/uploads\/2024\/05\/Sponsoring.jpg\" alt class=\"img-responsive wp-image-1176\"\/><\/span><\/div><\/p>\n<h1 style=\"text-align: left;\">Vieles w\u00e4re ohne <strong>Sponsoring<\/strong> gar nicht vorstellbar.<\/h1>\n<p style=\"text-align: left;\">Dabei muss aber auch nicht immer das Geld im Vordergrund stehen, denn Sponsoring kann auch darin bestehen, dass Sachleistungen oder Nahrungsmittel, wie beispielsweise Kuchen bei einem Kuchenverkauf, zur Verf\u00fcgung gestellt werden.<br \/>\nWie jeder Verein lebt auch die SFG von und durch ihre Sponsoren, die sich mit Geld- oder Sachspenden an den Vorbereitungen und der Durchf\u00fchrung der Veranstaltung beteiligen.<br \/>\nSo wird es erst erm\u00f6glicht, Kost\u00fcme zu kaufen, Material f\u00fcr die Bastel- oder Dekoarbeiten zu besorgen und den Trainerinnen eine geeignete Aus- und Weiterbildung f\u00fcr das Unterrichten der Kinder und erwachsenen T\u00e4nzer zu erm\u00f6glichen.<br \/>\nUm den Fortbestand der See\u2019mer Fastnachtsgaudi e.V. zu gew\u00e4hrleisten, sind diese Sponsoren wichtig.<\/p>\n<h1>Vielen Dank an unsere bisherigen Sponsoren<\/h1>\n<p style=\"text-align: left;\">An dieser Stelle m\u00f6chten wir uns bei allen Unterst\u00fctzern herzlich bedanken.<br \/>\nVielen Dank, dass Sie und Ihr uns bei unseren Kampagnen so toll unterst\u00fctzen. Wir freuen uns bereits jetzt auf die weiteren Kampagnen, die wir mit Ihrer\/Eurer Begleitung durchf\u00fchren d\u00fcrfen.<\/p>\n<\/div><div class=\"fusion-clearfix\"><\/div><\/div><\/div><div class=\"fusion-layout-column fusion_builder_column fusion-builder-column-1 fusion_builder_column_1_2 1_2 fusion-one-half fusion-column-first\" style=\"--awb-bg-size:cover;width:50%;width:calc(50% - ( ( 4% ) * 0.5 ) );margin-right: 4%;\"><div class=\"fusion-column-wrapper fusion-column-has-shadow fusion-flex-column-wrapper-legacy\"><div class=\"fusion-image-element in-legacy-container\" style=\"--awb-caption-title-font-family:var(--h2_typography-font-family);--awb-caption-title-font-weight:var(--h2_typography-font-weight);--awb-caption-title-font-style:var(--h2_typography-font-style);--awb-caption-title-size:var(--h2_typography-font-size);--awb-caption-title-transform:var(--h2_typography-text-transform);--awb-caption-title-line-height:var(--h2_typography-line-height);--awb-caption-title-letter-spacing:var(--h2_typography-letter-spacing);\"><span class=\" fusion-imageframe imageframe-none imageframe-2 hover-type-none\"><img decoding=\"async\" width=\"1134\" height=\"283\" title=\"Logo_Volksbank_Darmstadt_Mainz_Medial\" src=\"http:\/\/seemer-fastnachtsgaudi.de\/wp-content\/uploads\/2026\/02\/Logo_Volksbank_Darmstadt_Mainz_Medial.png\" alt class=\"img-responsive wp-image-2347\" srcset=\"https:\/\/seemer-fastnachtsgaudi.de\/wp-content\/uploads\/2026\/02\/Logo_Volksbank_Darmstadt_Mainz_Medial-200x50.png 200w, https:\/\/seemer-fastnachtsgaudi.de\/wp-content\/uploads\/2026\/02\/Logo_Volksbank_Darmstadt_Mainz_Medial-400x100.png 400w, https:\/\/seemer-fastnachtsgaudi.de\/wp-content\/uploads\/2026\/02\/Logo_Volksbank_Darmstadt_Mainz_Medial-600x150.png 600w, https:\/\/seemer-fastnachtsgaudi.de\/wp-content\/uploads\/2026\/02\/Logo_Volksbank_Darmstadt_Mainz_Medial-800x200.png 800w, https:\/\/seemer-fastnachtsgaudi.de\/wp-content\/uploads\/2026\/02\/Logo_Volksbank_Darmstadt_Mainz_Medial.png 1134w\" sizes=\"(max-width: 1120px) 100vw, 600px\" \/><\/span><\/div><div class=\"fusion-clearfix\"><\/div><\/div><\/div><div class=\"fusion-layout-column fusion_builder_column fusion-builder-column-2 fusion_builder_column_1_2 1_2 fusion-one-half fusion-column-last\" style=\"--awb-bg-size:cover;width:50%;width:calc(50% - ( ( 4% ) * 0.5 ) );\"><div class=\"fusion-column-wrapper fusion-column-has-shadow fusion-flex-column-wrapper-legacy\"><div class=\"fusion-image-element in-legacy-container\" style=\"--awb-caption-title-font-family:var(--h2_typography-font-family);--awb-caption-title-font-weight:var(--h2_typography-font-weight);--awb-caption-title-font-style:var(--h2_typography-font-style);--awb-caption-title-size:var(--h2_typography-font-size);--awb-caption-title-transform:var(--h2_typography-text-transform);--awb-caption-title-line-height:var(--h2_typography-line-height);--awb-caption-title-letter-spacing:var(--h2_typography-letter-spacing);\"><span class=\" fusion-imageframe imageframe-dropshadow imageframe-3 hover-type-zoomin\" style=\"border:2px solid #ff8a00;-webkit-box-shadow: 3px 3px 7px rgba(0,0,0,0.3);box-shadow: 3px 3px 7px rgba(0,0,0,0.3);\"><img decoding=\"async\" width=\"200\" height=\"139\" title=\"Logo Unger Metzgerei\" src=\"http:\/\/seemer-fastnachtsgaudi.de\/wp-content\/uploads\/2019\/02\/RZ_UNGER_logo_pantone-200x139.png\" alt class=\"img-responsive wp-image-1267\" srcset=\"https:\/\/seemer-fastnachtsgaudi.de\/wp-content\/uploads\/2019\/02\/RZ_UNGER_logo_pantone-200x139.png 200w, https:\/\/seemer-fastnachtsgaudi.de\/wp-content\/uploads\/2019\/02\/RZ_UNGER_logo_pantone-400x277.png 400w, https:\/\/seemer-fastnachtsgaudi.de\/wp-content\/uploads\/2019\/02\/RZ_UNGER_logo_pantone-600x416.png 600w, https:\/\/seemer-fastnachtsgaudi.de\/wp-content\/uploads\/2019\/02\/RZ_UNGER_logo_pantone-800x554.png 800w, https:\/\/seemer-fastnachtsgaudi.de\/wp-content\/uploads\/2019\/02\/RZ_UNGER_logo_pantone.png 927w\" sizes=\"(max-width: 1120px) 100vw, 600px\" \/><\/span><\/div><div class=\"fusion-clearfix\"><\/div><\/div><\/div><div class=\"fusion-layout-column fusion_builder_column fusion-builder-column-3 fusion_builder_column_1_2 1_2 fusion-one-half fusion-column-first\" style=\"--awb-bg-size:cover;width:50%;width:calc(50% - ( ( 4% ) * 0.5 ) );margin-right: 4%;\"><div class=\"fusion-column-wrapper fusion-column-has-shadow fusion-flex-column-wrapper-legacy\"><div class=\"fusion-image-element in-legacy-container\" style=\"--awb-caption-title-font-family:var(--h2_typography-font-family);--awb-caption-title-font-weight:var(--h2_typography-font-weight);--awb-caption-title-font-style:var(--h2_typography-font-style);--awb-caption-title-size:var(--h2_typography-font-size);--awb-caption-title-transform:var(--h2_typography-text-transform);--awb-caption-title-line-height:var(--h2_typography-line-height);--awb-caption-title-letter-spacing:var(--h2_typography-letter-spacing);\"><span class=\" fusion-imageframe imageframe-none imageframe-4 hover-type-none\"><img decoding=\"async\" width=\"382\" height=\"336\" title=\"SPKDADI_LOGO_ROT_TRANSPARENT_HOCH\" src=\"http:\/\/seemer-fastnachtsgaudi.de\/wp-content\/uploads\/2026\/02\/SPKDADI_LOGO_ROT_TRANSPARENT_HOCH.png\" alt class=\"img-responsive wp-image-2346\" srcset=\"https:\/\/seemer-fastnachtsgaudi.de\/wp-content\/uploads\/2026\/02\/SPKDADI_LOGO_ROT_TRANSPARENT_HOCH-200x176.png 200w, https:\/\/seemer-fastnachtsgaudi.de\/wp-content\/uploads\/2026\/02\/SPKDADI_LOGO_ROT_TRANSPARENT_HOCH.png 382w\" sizes=\"(max-width: 1120px) 100vw, 382px\" \/><\/span><\/div><div class=\"fusion-clearfix\"><\/div><\/div><\/div><div class=\"fusion-layout-column fusion_builder_column fusion-builder-column-4 fusion_builder_column_1_2 1_2 fusion-one-half fusion-column-last\" style=\"--awb-bg-size:cover;width:50%;width:calc(50% - ( ( 4% ) * 0.5 ) );\"><div class=\"fusion-column-wrapper fusion-column-has-shadow fusion-flex-column-wrapper-legacy\"><div class=\"fusion-clearfix\"><\/div><\/div><\/div><\/div><\/div><div class=\"fusion-fullwidth fullwidth-box fusion-builder-row-2 fusion-flex-container has-pattern-background has-mask-background nonhundred-percent-fullwidth non-hundred-percent-height-scrolling\" style=\"--awb-border-radius-top-left:0px;--awb-border-radius-top-right:0px;--awb-border-radius-bottom-right:0px;--awb-border-radius-bottom-left:0px;--awb-flex-wrap:wrap;\" ><div class=\"fusion-builder-row fusion-row fusion-flex-align-items-flex-start fusion-flex-content-wrap\" style=\"max-width:1216.8px;margin-left: calc(-4% \/ 2 );margin-right: calc(-4% \/ 2 );\"><div class=\"fusion-layout-column fusion_builder_column fusion-builder-column-5 fusion_builder_column_1_1 1_1 fusion-flex-column\" style=\"--awb-bg-size:cover;--awb-width-large:100%;--awb-margin-top-large:0px;--awb-spacing-right-large:1.92%;--awb-margin-bottom-large:20px;--awb-spacing-left-large:1.92%;--awb-width-medium:100%;--awb-order-medium:0;--awb-spacing-right-medium:1.92%;--awb-spacing-left-medium:1.92%;--awb-width-small:100%;--awb-order-small:0;--awb-spacing-right-small:1.92%;--awb-spacing-left-small:1.92%;\"><div class=\"fusion-column-wrapper fusion-column-has-shadow fusion-flex-justify-content-flex-start fusion-content-layout-column\"><div class=\"fusion-text fusion-text-2\"><h1>Ihr m\u00f6chtet uns auch unterst\u00fctzen?<\/h1>\n<p>Gerne nehmen wir Spenden <strong>f\u00fcr unsere Tanzgruppen<\/strong> entgegen:<br \/>\nBank: Darmst\u00e4dter Volksbank<br \/>\nIBAN: DE33 5089 0000 0100 2913 04<br \/>\nBIC: MVBMDE55XXX<br \/>\nDa wir ein gemeinn\u00fctziger Verein sind, k\u00f6nnen wir bei gro\u00dfz\u00fcgigen Spenden eine Spendenquittung erstellen.<\/p>\n<h1>Unterst\u00fctzung unserer Veranstaltungen<\/h1>\n<p>F\u00fcr unsere Veranstaltungen sind Helfer besonders wichtig. Wir freuen uns immer \u00fcber freiwillige Helfer, die Schichten \u00fcbernehmen und im Hintergrund t\u00e4tig sind.<\/p>\n<p style=\"text-align: left;\">Aber auch ein Sponsoring in Form von Kuchen oder sonstigen Spenden ist sehr gerne gesehen.<\/p>\n<p style=\"text-align: left;\">Sprecht uns einfach an und schreibt eine Email an: <em>info@seemer-fastnachtsgaudi.de<\/em><\/p>\n<\/div><\/div><\/div><\/div><\/div><\/p>\n","protected":false},"excerpt":{"rendered":"","protected":false},"author":1,"featured_media":0,"parent":0,"menu_order":0,"comment_status":"closed","ping_status":"closed","template":"","meta":{"_acf_changed":false,"footnotes":""},"class_list":["post-1175","page","type-page","status-publish","hentry"],"acf":[],"yoast_head":"<!-- This site is optimized with the Yoast SEO plugin v23.5 - https:\/\/yoast.com\/wordpress\/plugins\/seo\/ -->\n<title>Sponsoren - See&#039;mer Fastnachtsgaudi<\/title>\n<meta name=\"robots\" content=\"index, follow, max-snippet:-1, max-image-preview:large, max-video-preview:-1\" \/>\n<link rel=\"canonical\" href=\"https:\/\/seemer-fastnachtsgaudi.de\/?page_id=1175\" \/>\n<meta property=\"og:locale\" content=\"de_DE\" \/>\n<meta property=\"og:type\" content=\"article\" \/>\n<meta property=\"og:title\" content=\"Sponsoren - See&#039;mer Fastnachtsgaudi\" \/>\n<meta property=\"og:url\" content=\"https:\/\/seemer-fastnachtsgaudi.de\/?page_id=1175\" \/>\n<meta property=\"og:site_name\" content=\"See&#039;mer Fastnachtsgaudi\" \/>\n<meta property=\"article:modified_time\" content=\"2026-02-09T07:27:34+00:00\" \/>\n<meta name=\"twitter:card\" content=\"summary_large_image\" \/>\n<meta name=\"twitter:label1\" content=\"Gesch\u00e4tzte Lesezeit\" \/>\n\t<meta name=\"twitter:data1\" content=\"3\u00a0Minuten\" \/>\n<script type=\"application\/ld+json\" class=\"yoast-schema-graph\">{\"@context\":\"https:\/\/schema.org\",\"@graph\":[{\"@type\":\"WebPage\",\"@id\":\"https:\/\/seemer-fastnachtsgaudi.de\/?page_id=1175\",\"url\":\"https:\/\/seemer-fastnachtsgaudi.de\/?page_id=1175\",\"name\":\"Sponsoren - See&#039;mer Fastnachtsgaudi\",\"isPartOf\":{\"@id\":\"https:\/\/seemer-fastnachtsgaudi.de\/#website\"},\"datePublished\":\"2019-02-23T15:59:57+00:00\",\"dateModified\":\"2026-02-09T07:27:34+00:00\",\"breadcrumb\":{\"@id\":\"https:\/\/seemer-fastnachtsgaudi.de\/?page_id=1175#breadcrumb\"},\"inLanguage\":\"de\",\"potentialAction\":[{\"@type\":\"ReadAction\",\"target\":[\"https:\/\/seemer-fastnachtsgaudi.de\/?page_id=1175\"]}]},{\"@type\":\"BreadcrumbList\",\"@id\":\"https:\/\/seemer-fastnachtsgaudi.de\/?page_id=1175#breadcrumb\",\"itemListElement\":[{\"@type\":\"ListItem\",\"position\":1,\"name\":\"Startseite\",\"item\":\"https:\/\/seemer-fastnachtsgaudi.de\/\"},{\"@type\":\"ListItem\",\"position\":2,\"name\":\"Sponsoren\"}]},{\"@type\":\"WebSite\",\"@id\":\"https:\/\/seemer-fastnachtsgaudi.de\/#website\",\"url\":\"https:\/\/seemer-fastnachtsgaudi.de\/\",\"name\":\"See&#039;mer Fastnachtsgaudi\",\"description\":\"Fastnachtsgaudi\",\"publisher\":{\"@id\":\"https:\/\/seemer-fastnachtsgaudi.de\/#organization\"},\"potentialAction\":[{\"@type\":\"SearchAction\",\"target\":{\"@type\":\"EntryPoint\",\"urlTemplate\":\"https:\/\/seemer-fastnachtsgaudi.de\/?s={search_term_string}\"},\"query-input\":{\"@type\":\"PropertyValueSpecification\",\"valueRequired\":true,\"valueName\":\"search_term_string\"}}],\"inLanguage\":\"de\"},{\"@type\":\"Organization\",\"@id\":\"https:\/\/seemer-fastnachtsgaudi.de\/#organization\",\"name\":\"Seemer Fastnachtsgaudi\",\"url\":\"https:\/\/seemer-fastnachtsgaudi.de\/\",\"logo\":{\"@type\":\"ImageObject\",\"inLanguage\":\"de\",\"@id\":\"https:\/\/seemer-fastnachtsgaudi.de\/#\/schema\/logo\/image\/\",\"url\":\"https:\/\/seemer-fastnachtsgaudi.de\/wp-content\/uploads\/2019\/02\/sfg-logo1.gif\",\"contentUrl\":\"https:\/\/seemer-fastnachtsgaudi.de\/wp-content\/uploads\/2019\/02\/sfg-logo1.gif\",\"width\":170,\"height\":170,\"caption\":\"Seemer Fastnachtsgaudi\"},\"image\":{\"@id\":\"https:\/\/seemer-fastnachtsgaudi.de\/#\/schema\/logo\/image\/\"}}]}<\/script>\n<!-- \/ Yoast SEO plugin. -->","yoast_head_json":{"title":"Sponsoren - See&#039;mer Fastnachtsgaudi","robots":{"index":"index","follow":"follow","max-snippet":"max-snippet:-1","max-image-preview":"max-image-preview:large","max-video-preview":"max-video-preview:-1"},"canonical":"https:\/\/seemer-fastnachtsgaudi.de\/?page_id=1175","og_locale":"de_DE","og_type":"article","og_title":"Sponsoren - See&#039;mer Fastnachtsgaudi","og_url":"https:\/\/seemer-fastnachtsgaudi.de\/?page_id=1175","og_site_name":"See&#039;mer Fastnachtsgaudi","article_modified_time":"2026-02-09T07:27:34+00:00","twitter_card":"summary_large_image","twitter_misc":{"Gesch\u00e4tzte Lesezeit":"3\u00a0Minuten"},"schema":{"@context":"https:\/\/schema.org","@graph":[{"@type":"WebPage","@id":"https:\/\/seemer-fastnachtsgaudi.de\/?page_id=1175","url":"https:\/\/seemer-fastnachtsgaudi.de\/?page_id=1175","name":"Sponsoren - See&#039;mer Fastnachtsgaudi","isPartOf":{"@id":"https:\/\/seemer-fastnachtsgaudi.de\/#website"},"datePublished":"2019-02-23T15:59:57+00:00","dateModified":"2026-02-09T07:27:34+00:00","breadcrumb":{"@id":"https:\/\/seemer-fastnachtsgaudi.de\/?page_id=1175#breadcrumb"},"inLanguage":"de","potentialAction":[{"@type":"ReadAction","target":["https:\/\/seemer-fastnachtsgaudi.de\/?page_id=1175"]}]},{"@type":"BreadcrumbList","@id":"https:\/\/seemer-fastnachtsgaudi.de\/?page_id=1175#breadcrumb","itemListElement":[{"@type":"ListItem","position":1,"name":"Startseite","item":"https:\/\/seemer-fastnachtsgaudi.de\/"},{"@type":"ListItem","position":2,"name":"Sponsoren"}]},{"@type":"WebSite","@id":"https:\/\/seemer-fastnachtsgaudi.de\/#website","url":"https:\/\/seemer-fastnachtsgaudi.de\/","name":"See&#039;mer Fastnachtsgaudi","description":"Fastnachtsgaudi","publisher":{"@id":"https:\/\/seemer-fastnachtsgaudi.de\/#organization"},"potentialAction":[{"@type":"SearchAction","target":{"@type":"EntryPoint","urlTemplate":"https:\/\/seemer-fastnachtsgaudi.de\/?s={search_term_string}"},"query-input":{"@type":"PropertyValueSpecification","valueRequired":true,"valueName":"search_term_string"}}],"inLanguage":"de"},{"@type":"Organization","@id":"https:\/\/seemer-fastnachtsgaudi.de\/#organization","name":"Seemer Fastnachtsgaudi","url":"https:\/\/seemer-fastnachtsgaudi.de\/","logo":{"@type":"ImageObject","inLanguage":"de","@id":"https:\/\/seemer-fastnachtsgaudi.de\/#\/schema\/logo\/image\/","url":"https:\/\/seemer-fastnachtsgaudi.de\/wp-content\/uploads\/2019\/02\/sfg-logo1.gif","contentUrl":"https:\/\/seemer-fastnachtsgaudi.de\/wp-content\/uploads\/2019\/02\/sfg-logo1.gif","width":170,"height":170,"caption":"Seemer Fastnachtsgaudi"},"image":{"@id":"https:\/\/seemer-fastnachtsgaudi.de\/#\/schema\/logo\/image\/"}}]}},"_links":{"self":[{"href":"https:\/\/seemer-fastnachtsgaudi.de\/index.php?rest_route=\/wp\/v2\/pages\/1175"}],"collection":[{"href":"https:\/\/seemer-fastnachtsgaudi.de\/index.php?rest_route=\/wp\/v2\/pages"}],"about":[{"href":"https:\/\/seemer-fastnachtsgaudi.de\/index.php?rest_route=\/wp\/v2\/types\/page"}],"author":[{"embeddable":true,"href":"https:\/\/seemer-fastnachtsgaudi.de\/index.php?rest_route=\/wp\/v2\/users\/1"}],"replies":[{"embeddable":true,"href":"https:\/\/seemer-fastnachtsgaudi.de\/index.php?rest_route=%2Fwp%2Fv2%2Fcomments&post=1175"}],"version-history":[{"count":15,"href":"https:\/\/seemer-fastnachtsgaudi.de\/index.php?rest_route=\/wp\/v2\/pages\/1175\/revisions"}],"predecessor-version":[{"id":2348,"href":"https:\/\/seemer-fastnachtsgaudi.de\/index.php?rest_route=\/wp\/v2\/pages\/1175\/revisions\/2348"}],"wp:attachment":[{"href":"https:\/\/seemer-fastnachtsgaudi.de\/index.php?rest_route=%2Fwp%2Fv2%2Fmedia&parent=1175"}],"curies":[{"name":"wp","href":"https:\/\/api.w.org\/{rel}","templated":true}]}}