{"id":913,"date":"2019-02-16T17:36:46","date_gmt":"2019-02-16T17:36:46","guid":{"rendered":"http:\/\/seemer-fastnachtsgaudi.de\/?page_id=913"},"modified":"2024-11-08T14:29:32","modified_gmt":"2024-11-08T14:29:32","slug":"ueber-uns","status":"publish","type":"page","link":"https:\/\/seemer-fastnachtsgaudi.de\/?page_id=913","title":{"rendered":"ueber-uns"},"content":{"rendered":"<div class=\"fusion-fullwidth fullwidth-box fusion-builder-row-1 nonhundred-percent-fullwidth non-hundred-percent-height-scrolling\" style=\"--awb-border-radius-top-left:0px;--awb-border-radius-top-right:0px;--awb-border-radius-bottom-right:0px;--awb-border-radius-bottom-left:0px;--awb-flex-wrap:wrap;\" ><div class=\"fusion-builder-row fusion-row\"><div class=\"fusion-layout-column fusion_builder_column fusion-builder-column-0 fusion_builder_column_1_1 1_1 fusion-one-full fusion-column-first fusion-column-last\" style=\"--awb-bg-size:cover;\"><div class=\"fusion-column-wrapper fusion-flex-column-wrapper-legacy\"><style type='text\/css'>.reading-box-container-1 .element-bottomshadow:before,.reading-box-container-1 .element-bottomshadow:after{opacity:0.70;}<\/style><div class=\"fusion-reading-box-container reading-box-container-1 fusion-no-small-visibility\" style=\"--awb-title-color:#ffffff;--awb-margin-top:0px;--awb-margin-bottom:84px;\"><div class=\"reading-box reading-box-center element-bottomshadow\" style=\"background-color:#3e3e3e;border-width:1px;border-color:#ff8a00;border-left-width:3px;border-left-color:var(--primary_color);border-style:solid;\"><h2>Seemer Fastnachtsgaudi e.V.<br \/>\nmehr als nur ein Verein <\/h2><div class=\"reading-box-description fusion-reading-box-additional\">- wenn aus einem Verein Familie wird -<\/div><div class=\"reading-box-additional\">\n<p>Im Nachfolgenden haben wir f\u00fcr Euch die einzelnen Teams und Bereiche vorgestellt. Alle diese Bereiche und Gruppen machen unseren Verein so einzigartig.<br \/>\nWir als Familienverein geben allen Familienmitgliedern die M\u00f6glichkeit, sich aktiv zu beteiligen. So sind der Kreativit\u00e4t mit Bastelmaterialien jeglicher Art innerhalb des Deko-Teams oder mit Lebensmitteln innerhalb der K\u00fcche keine Grenzen gesetzt.<\/p>\n<p>Auch die kleinsten Mitglieder k\u00f6nnen sich gemeinsam mit ihren Eltern oder Gro\u00dfeltern bei Auf- und Abbau beteiligen und freuen sich dar\u00fcber, auch selbst etwas dekorieren zu d\u00fcrfen oder sp\u00e4ter wieder herunterzunehmen.<br \/>\nMit Herzblut und voller Tatendrang stehen nicht nur einzelne Personen, sondern ganze Familien gemeinsam f\u00fcr den Verein ein.<\/p>\n<p>Wir sind sehr stolz auf die Entwicklung und die vorhandene Dynamik und freuen uns dar\u00fcber, dass es unseren Mitgliedern, die bereits als Kinder in den Tanzgruppen aktiv waren, wichtig ist, den Verein weiterleben zu lassen, in dem sie sich selbst beispielsweise als TrainerIn einbringen.<\/p>\n<p>Ein Verein lebt von und durch die Aktivit\u00e4t der Mitglieder und deren Bereitschaft einen Teil ihrer Freizeit in die Gemeinn\u00fctzigkeit zu investieren, um einen kulturellen Bereich aufleben zu lassen und eine Abwechslung innerhalb des Alltags zu erzielen.<\/p>\n<p>Gemeinsam sind wir stark und k\u00f6nnen etwas bewirken \u2013 alle zusammen.<\/p>\n<p>Wir freuen uns, die Tradition der Fastnacht in Seeheim-Jugenheim jedes Jahr wieder aufleben lassen zu d\u00fcrfen.<\/p>\n<\/div><div class=\"fusion-clearfix\"><\/div><\/div><\/div><div class=\"fusion-text fusion-text-1\"><h2>Weitere Informationen<\/h2>\n<p>findet ihr unter den nachfolgenden Boxen, die Euch direkt auf die Seiten f\u00fchren:<\/p>\n<\/div><div class=\"fusion-flip-boxes flip-boxes row fusion-columns-3 flip-effect-classic equal-heights\"><div class=\"fusion-flip-box-wrapper fusion-column col-lg-4 col-md-4 col-sm-4\"><div class=\"fusion-flip-box flip-right\" tabindex=\"0\"><div class=\"flip-box-inner-wrapper\"><div class=\"flip-box-front\" style=\"--awb-border-color:#ff8a00;--awb-border-size:2px;\"><div class=\"flip-box-front-inner\"><h2 class=\"flip-box-heading without-text\">Geschichte<\/h2><\/div><\/div><div class=\"flip-box-back\" style=\"--awb-border-color:#ff8a00;--awb-border-size:2px;--awb-background-color-back:#ff8a00;\"><div class=\"flip-box-back-inner\">\n<div id=\"attachment_1008\" style=\"width: 272px\" class=\"wp-caption aligncenter\"><a href=\"http:\/\/seemer-fastnachtsgaudi.de\/?page_id=993\"><img decoding=\"async\" aria-describedby=\"caption-attachment-1008\" class=\"wp-image-1008 size-full\" src=\"http:\/\/seemer-fastnachtsgaudi.de\/wp-content\/uploads\/2019\/02\/geschichte.jpg\" alt=\"\" width=\"262\" height=\"228\" srcset=\"https:\/\/seemer-fastnachtsgaudi.de\/wp-content\/uploads\/2019\/02\/geschichte-200x174.jpg 200w, https:\/\/seemer-fastnachtsgaudi.de\/wp-content\/uploads\/2019\/02\/geschichte.jpg 262w\" sizes=\"(max-width: 262px) 100vw, 262px\" \/><\/a><p id=\"caption-attachment-1008\" class=\"wp-caption-text\">Die Geschichte der SFG<\/p><\/div>\n<\/div><\/div><\/div><\/div><\/div><div class=\"fusion-flip-box-wrapper fusion-column col-lg-4 col-md-4 col-sm-4\"><div class=\"fusion-flip-box flip-right\" tabindex=\"0\"><div class=\"flip-box-inner-wrapper\"><div class=\"flip-box-front\" style=\"--awb-border-color:#ff8a00;--awb-border-size:2px;\"><div class=\"flip-box-front-inner\"><h2 class=\"flip-box-heading without-text\">Zahlen &amp; Fakten<\/h2><\/div><\/div><div class=\"flip-box-back\" style=\"--awb-border-color:#ff8a00;--awb-border-size:2px;--awb-background-color-back:#ff8a00;\"><div class=\"flip-box-back-inner\">\n<div id=\"attachment_1009\" style=\"width: 180px\" class=\"wp-caption aligncenter\"><a href=\"http:\/\/seemer-fastnachtsgaudi.de\/?page_id=1022\"><img decoding=\"async\" aria-describedby=\"caption-attachment-1009\" class=\"wp-image-1009 size-full\" src=\"http:\/\/seemer-fastnachtsgaudi.de\/wp-content\/uploads\/2019\/02\/SFG-Clown-2019-1.jpg\" alt=\"\" width=\"170\" height=\"228\" \/><\/a><p id=\"caption-attachment-1009\" class=\"wp-caption-text\">Zahlen und Fakten<\/p><\/div>\n<\/div><\/div><\/div><\/div><\/div><div class=\"fusion-flip-box-wrapper fusion-column col-lg-4 col-md-4 col-sm-4\"><div class=\"fusion-flip-box flip-right\" tabindex=\"0\"><div class=\"flip-box-inner-wrapper\"><div class=\"flip-box-front\" style=\"--awb-border-color:#ff8a00;--awb-border-size:2px;\"><div class=\"flip-box-front-inner\"><h2 class=\"flip-box-heading without-text\">Vorstand<\/h2><\/div><\/div><div class=\"flip-box-back\" style=\"--awb-border-color:#ff8a00;--awb-border-size:2px;--awb-background-color-back:#ff8a00;\"><div class=\"flip-box-back-inner\">\n<div id=\"attachment_2105\" style=\"width: 1107px\" class=\"wp-caption alignnone\"><a href=\"https:\/\/seemer-fastnachtsgaudi.de\/?page_id=1072\"><img decoding=\"async\" aria-describedby=\"caption-attachment-2105\" class=\"wp-image-2105 size-full\" src=\"http:\/\/seemer-fastnachtsgaudi.de\/wp-content\/uploads\/2024\/05\/Vorstand.jpg\" alt=\"\" width=\"1097\" height=\"638\" srcset=\"https:\/\/seemer-fastnachtsgaudi.de\/wp-content\/uploads\/2024\/05\/Vorstand-200x116.jpg 200w, https:\/\/seemer-fastnachtsgaudi.de\/wp-content\/uploads\/2024\/05\/Vorstand-300x174.jpg 300w, https:\/\/seemer-fastnachtsgaudi.de\/wp-content\/uploads\/2024\/05\/Vorstand-400x233.jpg 400w, https:\/\/seemer-fastnachtsgaudi.de\/wp-content\/uploads\/2024\/05\/Vorstand-600x349.jpg 600w, https:\/\/seemer-fastnachtsgaudi.de\/wp-content\/uploads\/2024\/05\/Vorstand-768x447.jpg 768w, https:\/\/seemer-fastnachtsgaudi.de\/wp-content\/uploads\/2024\/05\/Vorstand-800x465.jpg 800w, https:\/\/seemer-fastnachtsgaudi.de\/wp-content\/uploads\/2024\/05\/Vorstand-1024x596.jpg 1024w, https:\/\/seemer-fastnachtsgaudi.de\/wp-content\/uploads\/2024\/05\/Vorstand.jpg 1097w\" sizes=\"(max-width: 1097px) 100vw, 1097px\" \/><\/a><p id=\"caption-attachment-2105\" class=\"wp-caption-text\">Unser Vorstand<\/p><\/div>\n<\/div><\/div><\/div><\/div><\/div><div class=\"fusion-flip-box-wrapper fusion-column col-lg-4 col-md-4 col-sm-4\"><div class=\"fusion-flip-box flip-right\" tabindex=\"0\"><div class=\"flip-box-inner-wrapper\"><div class=\"flip-box-front\" style=\"--awb-border-color:#ff8a00;--awb-border-size:2px;\"><div class=\"flip-box-front-inner\"><h2 class=\"flip-box-heading without-text\">Trainer<\/h2><\/div><\/div><div class=\"flip-box-back\" style=\"--awb-border-color:#ff8a00;--awb-border-size:2px;--awb-background-color-back:#ff8a00;\"><div class=\"flip-box-back-inner\">\n<div id=\"attachment_2060\" style=\"width: 345px\" class=\"wp-caption alignnone\"><a href=\"https:\/\/seemer-fastnachtsgaudi.de\/?page_id=2059\"><img decoding=\"async\" aria-describedby=\"caption-attachment-2060\" class=\"wp-image-2060 \" src=\"http:\/\/seemer-fastnachtsgaudi.de\/wp-content\/uploads\/2024\/05\/20240209_160710268_iOS-300x225.jpg\" alt=\"\" width=\"335\" height=\"251\" srcset=\"https:\/\/seemer-fastnachtsgaudi.de\/wp-content\/uploads\/2024\/05\/20240209_160710268_iOS-200x150.jpg 200w, https:\/\/seemer-fastnachtsgaudi.de\/wp-content\/uploads\/2024\/05\/20240209_160710268_iOS-300x225.jpg 300w, https:\/\/seemer-fastnachtsgaudi.de\/wp-content\/uploads\/2024\/05\/20240209_160710268_iOS-400x300.jpg 400w, https:\/\/seemer-fastnachtsgaudi.de\/wp-content\/uploads\/2024\/05\/20240209_160710268_iOS-600x450.jpg 600w, https:\/\/seemer-fastnachtsgaudi.de\/wp-content\/uploads\/2024\/05\/20240209_160710268_iOS-768x576.jpg 768w, https:\/\/seemer-fastnachtsgaudi.de\/wp-content\/uploads\/2024\/05\/20240209_160710268_iOS-800x600.jpg 800w, https:\/\/seemer-fastnachtsgaudi.de\/wp-content\/uploads\/2024\/05\/20240209_160710268_iOS-1024x768.jpg 1024w, https:\/\/seemer-fastnachtsgaudi.de\/wp-content\/uploads\/2024\/05\/20240209_160710268_iOS-1200x900.jpg 1200w, https:\/\/seemer-fastnachtsgaudi.de\/wp-content\/uploads\/2024\/05\/20240209_160710268_iOS-1536x1152.jpg 1536w, https:\/\/seemer-fastnachtsgaudi.de\/wp-content\/uploads\/2024\/05\/20240209_160710268_iOS-scaled.jpg 2560w\" sizes=\"(max-width: 335px) 100vw, 335px\" \/><\/a><p id=\"caption-attachment-2060\" class=\"wp-caption-text\">Unsere Trainer<\/p><\/div>\n<\/div><\/div><\/div><\/div><\/div><div class=\"fusion-flip-box-wrapper fusion-column col-lg-4 col-md-4 col-sm-4\"><div class=\"fusion-flip-box flip-right\" tabindex=\"0\"><div class=\"flip-box-inner-wrapper\"><div class=\"flip-box-front\" style=\"--awb-border-color:#ff8a00;--awb-border-size:2px;\"><div class=\"flip-box-front-inner\"><h2 class=\"flip-box-heading without-text\">Kinder- und Jugendschutz<\/h2><\/div><\/div><div class=\"flip-box-back\" style=\"--awb-border-color:#ff8a00;--awb-border-size:2px;--awb-background-color-back:#ff8a00;\"><div class=\"flip-box-back-inner\">\n<p><a href=\"https:\/\/seemer-fastnachtsgaudi.de\/?page_id=2234\"><img decoding=\"async\" class=\"alignnone wp-image-2236 \" src=\"http:\/\/seemer-fastnachtsgaudi.de\/wp-content\/uploads\/2024\/11\/9a525532-6034-4132-8e8c-e4c5ea4056de.webp\" alt=\"\" width=\"423\" height=\"238\" srcset=\"https:\/\/seemer-fastnachtsgaudi.de\/wp-content\/uploads\/2024\/11\/9a525532-6034-4132-8e8c-e4c5ea4056de-200x113.webp 200w, https:\/\/seemer-fastnachtsgaudi.de\/wp-content\/uploads\/2024\/11\/9a525532-6034-4132-8e8c-e4c5ea4056de-300x169.webp 300w, https:\/\/seemer-fastnachtsgaudi.de\/wp-content\/uploads\/2024\/11\/9a525532-6034-4132-8e8c-e4c5ea4056de-400x225.webp 400w, https:\/\/seemer-fastnachtsgaudi.de\/wp-content\/uploads\/2024\/11\/9a525532-6034-4132-8e8c-e4c5ea4056de-600x338.webp 600w, https:\/\/seemer-fastnachtsgaudi.de\/wp-content\/uploads\/2024\/11\/9a525532-6034-4132-8e8c-e4c5ea4056de-768x432.webp 768w, https:\/\/seemer-fastnachtsgaudi.de\/wp-content\/uploads\/2024\/11\/9a525532-6034-4132-8e8c-e4c5ea4056de.webp 780w\" sizes=\"(max-width: 423px) 100vw, 423px\" \/><\/a><\/p>\n<p>Kinder- und Jugendschutz bei der SFG: Wir schauen hin!<\/p>\n<\/div><\/div><\/div><\/div><\/div><\/div><div class=\"clearfix\"><\/div><div class=\"fusion-clearfix\"><\/div><\/div><\/div><\/div><\/div>\n","protected":false},"excerpt":{"rendered":"","protected":false},"author":1,"featured_media":0,"parent":0,"menu_order":0,"comment_status":"closed","ping_status":"closed","template":"","meta":{"_acf_changed":false,"footnotes":""},"class_list":["post-913","page","type-page","status-publish","hentry"],"acf":[],"yoast_head":"<!-- This site is optimized with the Yoast SEO plugin v23.5 - https:\/\/yoast.com\/wordpress\/plugins\/seo\/ -->\n<title>ueber-uns - See&#039;mer Fastnachtsgaudi<\/title>\n<meta name=\"robots\" content=\"index, follow, max-snippet:-1, max-image-preview:large, max-video-preview:-1\" \/>\n<link rel=\"canonical\" href=\"https:\/\/seemer-fastnachtsgaudi.de\/?page_id=913\" \/>\n<meta property=\"og:locale\" content=\"de_DE\" \/>\n<meta property=\"og:type\" content=\"article\" \/>\n<meta property=\"og:title\" content=\"ueber-uns - See&#039;mer Fastnachtsgaudi\" \/>\n<meta property=\"og:url\" content=\"https:\/\/seemer-fastnachtsgaudi.de\/?page_id=913\" \/>\n<meta property=\"og:site_name\" content=\"See&#039;mer Fastnachtsgaudi\" \/>\n<meta property=\"article:modified_time\" content=\"2024-11-08T14:29:32+00:00\" \/>\n<meta property=\"og:image\" content=\"http:\/\/seemer-fastnachtsgaudi.de\/wp-content\/uploads\/2019\/02\/geschichte.jpg\" \/>\n<meta name=\"twitter:card\" content=\"summary_large_image\" \/>\n<meta name=\"twitter:label1\" content=\"Gesch\u00e4tzte Lesezeit\" \/>\n\t<meta name=\"twitter:data1\" content=\"3\u00a0Minuten\" \/>\n<script type=\"application\/ld+json\" class=\"yoast-schema-graph\">{\"@context\":\"https:\/\/schema.org\",\"@graph\":[{\"@type\":\"WebPage\",\"@id\":\"https:\/\/seemer-fastnachtsgaudi.de\/?page_id=913\",\"url\":\"https:\/\/seemer-fastnachtsgaudi.de\/?page_id=913\",\"name\":\"ueber-uns - See&#039;mer Fastnachtsgaudi\",\"isPartOf\":{\"@id\":\"https:\/\/seemer-fastnachtsgaudi.de\/#website\"},\"primaryImageOfPage\":{\"@id\":\"https:\/\/seemer-fastnachtsgaudi.de\/?page_id=913#primaryimage\"},\"image\":{\"@id\":\"https:\/\/seemer-fastnachtsgaudi.de\/?page_id=913#primaryimage\"},\"thumbnailUrl\":\"http:\/\/seemer-fastnachtsgaudi.de\/wp-content\/uploads\/2019\/02\/geschichte.jpg\",\"datePublished\":\"2019-02-16T17:36:46+00:00\",\"dateModified\":\"2024-11-08T14:29:32+00:00\",\"breadcrumb\":{\"@id\":\"https:\/\/seemer-fastnachtsgaudi.de\/?page_id=913#breadcrumb\"},\"inLanguage\":\"de\",\"potentialAction\":[{\"@type\":\"ReadAction\",\"target\":[\"https:\/\/seemer-fastnachtsgaudi.de\/?page_id=913\"]}]},{\"@type\":\"ImageObject\",\"inLanguage\":\"de\",\"@id\":\"https:\/\/seemer-fastnachtsgaudi.de\/?page_id=913#primaryimage\",\"url\":\"http:\/\/seemer-fastnachtsgaudi.de\/wp-content\/uploads\/2019\/02\/geschichte.jpg\",\"contentUrl\":\"http:\/\/seemer-fastnachtsgaudi.de\/wp-content\/uploads\/2019\/02\/geschichte.jpg\"},{\"@type\":\"BreadcrumbList\",\"@id\":\"https:\/\/seemer-fastnachtsgaudi.de\/?page_id=913#breadcrumb\",\"itemListElement\":[{\"@type\":\"ListItem\",\"position\":1,\"name\":\"Startseite\",\"item\":\"https:\/\/seemer-fastnachtsgaudi.de\/\"},{\"@type\":\"ListItem\",\"position\":2,\"name\":\"ueber-uns\"}]},{\"@type\":\"WebSite\",\"@id\":\"https:\/\/seemer-fastnachtsgaudi.de\/#website\",\"url\":\"https:\/\/seemer-fastnachtsgaudi.de\/\",\"name\":\"See&#039;mer Fastnachtsgaudi\",\"description\":\"Fastnachtsgaudi\",\"publisher\":{\"@id\":\"https:\/\/seemer-fastnachtsgaudi.de\/#organization\"},\"potentialAction\":[{\"@type\":\"SearchAction\",\"target\":{\"@type\":\"EntryPoint\",\"urlTemplate\":\"https:\/\/seemer-fastnachtsgaudi.de\/?s={search_term_string}\"},\"query-input\":{\"@type\":\"PropertyValueSpecification\",\"valueRequired\":true,\"valueName\":\"search_term_string\"}}],\"inLanguage\":\"de\"},{\"@type\":\"Organization\",\"@id\":\"https:\/\/seemer-fastnachtsgaudi.de\/#organization\",\"name\":\"Seemer Fastnachtsgaudi\",\"url\":\"https:\/\/seemer-fastnachtsgaudi.de\/\",\"logo\":{\"@type\":\"ImageObject\",\"inLanguage\":\"de\",\"@id\":\"https:\/\/seemer-fastnachtsgaudi.de\/#\/schema\/logo\/image\/\",\"url\":\"https:\/\/seemer-fastnachtsgaudi.de\/wp-content\/uploads\/2019\/02\/sfg-logo1.gif\",\"contentUrl\":\"https:\/\/seemer-fastnachtsgaudi.de\/wp-content\/uploads\/2019\/02\/sfg-logo1.gif\",\"width\":170,\"height\":170,\"caption\":\"Seemer Fastnachtsgaudi\"},\"image\":{\"@id\":\"https:\/\/seemer-fastnachtsgaudi.de\/#\/schema\/logo\/image\/\"}}]}<\/script>\n<!-- \/ Yoast SEO plugin. -->","yoast_head_json":{"title":"ueber-uns - See&#039;mer Fastnachtsgaudi","robots":{"index":"index","follow":"follow","max-snippet":"max-snippet:-1","max-image-preview":"max-image-preview:large","max-video-preview":"max-video-preview:-1"},"canonical":"https:\/\/seemer-fastnachtsgaudi.de\/?page_id=913","og_locale":"de_DE","og_type":"article","og_title":"ueber-uns - See&#039;mer Fastnachtsgaudi","og_url":"https:\/\/seemer-fastnachtsgaudi.de\/?page_id=913","og_site_name":"See&#039;mer Fastnachtsgaudi","article_modified_time":"2024-11-08T14:29:32+00:00","og_image":[{"url":"http:\/\/seemer-fastnachtsgaudi.de\/wp-content\/uploads\/2019\/02\/geschichte.jpg"}],"twitter_card":"summary_large_image","twitter_misc":{"Gesch\u00e4tzte Lesezeit":"3\u00a0Minuten"},"schema":{"@context":"https:\/\/schema.org","@graph":[{"@type":"WebPage","@id":"https:\/\/seemer-fastnachtsgaudi.de\/?page_id=913","url":"https:\/\/seemer-fastnachtsgaudi.de\/?page_id=913","name":"ueber-uns - See&#039;mer Fastnachtsgaudi","isPartOf":{"@id":"https:\/\/seemer-fastnachtsgaudi.de\/#website"},"primaryImageOfPage":{"@id":"https:\/\/seemer-fastnachtsgaudi.de\/?page_id=913#primaryimage"},"image":{"@id":"https:\/\/seemer-fastnachtsgaudi.de\/?page_id=913#primaryimage"},"thumbnailUrl":"http:\/\/seemer-fastnachtsgaudi.de\/wp-content\/uploads\/2019\/02\/geschichte.jpg","datePublished":"2019-02-16T17:36:46+00:00","dateModified":"2024-11-08T14:29:32+00:00","breadcrumb":{"@id":"https:\/\/seemer-fastnachtsgaudi.de\/?page_id=913#breadcrumb"},"inLanguage":"de","potentialAction":[{"@type":"ReadAction","target":["https:\/\/seemer-fastnachtsgaudi.de\/?page_id=913"]}]},{"@type":"ImageObject","inLanguage":"de","@id":"https:\/\/seemer-fastnachtsgaudi.de\/?page_id=913#primaryimage","url":"http:\/\/seemer-fastnachtsgaudi.de\/wp-content\/uploads\/2019\/02\/geschichte.jpg","contentUrl":"http:\/\/seemer-fastnachtsgaudi.de\/wp-content\/uploads\/2019\/02\/geschichte.jpg"},{"@type":"BreadcrumbList","@id":"https:\/\/seemer-fastnachtsgaudi.de\/?page_id=913#breadcrumb","itemListElement":[{"@type":"ListItem","position":1,"name":"Startseite","item":"https:\/\/seemer-fastnachtsgaudi.de\/"},{"@type":"ListItem","position":2,"name":"ueber-uns"}]},{"@type":"WebSite","@id":"https:\/\/seemer-fastnachtsgaudi.de\/#website","url":"https:\/\/seemer-fastnachtsgaudi.de\/","name":"See&#039;mer Fastnachtsgaudi","description":"Fastnachtsgaudi","publisher":{"@id":"https:\/\/seemer-fastnachtsgaudi.de\/#organization"},"potentialAction":[{"@type":"SearchAction","target":{"@type":"EntryPoint","urlTemplate":"https:\/\/seemer-fastnachtsgaudi.de\/?s={search_term_string}"},"query-input":{"@type":"PropertyValueSpecification","valueRequired":true,"valueName":"search_term_string"}}],"inLanguage":"de"},{"@type":"Organization","@id":"https:\/\/seemer-fastnachtsgaudi.de\/#organization","name":"Seemer Fastnachtsgaudi","url":"https:\/\/seemer-fastnachtsgaudi.de\/","logo":{"@type":"ImageObject","inLanguage":"de","@id":"https:\/\/seemer-fastnachtsgaudi.de\/#\/schema\/logo\/image\/","url":"https:\/\/seemer-fastnachtsgaudi.de\/wp-content\/uploads\/2019\/02\/sfg-logo1.gif","contentUrl":"https:\/\/seemer-fastnachtsgaudi.de\/wp-content\/uploads\/2019\/02\/sfg-logo1.gif","width":170,"height":170,"caption":"Seemer Fastnachtsgaudi"},"image":{"@id":"https:\/\/seemer-fastnachtsgaudi.de\/#\/schema\/logo\/image\/"}}]}},"_links":{"self":[{"href":"https:\/\/seemer-fastnachtsgaudi.de\/index.php?rest_route=\/wp\/v2\/pages\/913"}],"collection":[{"href":"https:\/\/seemer-fastnachtsgaudi.de\/index.php?rest_route=\/wp\/v2\/pages"}],"about":[{"href":"https:\/\/seemer-fastnachtsgaudi.de\/index.php?rest_route=\/wp\/v2\/types\/page"}],"author":[{"embeddable":true,"href":"https:\/\/seemer-fastnachtsgaudi.de\/index.php?rest_route=\/wp\/v2\/users\/1"}],"replies":[{"embeddable":true,"href":"https:\/\/seemer-fastnachtsgaudi.de\/index.php?rest_route=%2Fwp%2Fv2%2Fcomments&post=913"}],"version-history":[{"count":59,"href":"https:\/\/seemer-fastnachtsgaudi.de\/index.php?rest_route=\/wp\/v2\/pages\/913\/revisions"}],"predecessor-version":[{"id":2248,"href":"https:\/\/seemer-fastnachtsgaudi.de\/index.php?rest_route=\/wp\/v2\/pages\/913\/revisions\/2248"}],"wp:attachment":[{"href":"https:\/\/seemer-fastnachtsgaudi.de\/index.php?rest_route=%2Fwp%2Fv2%2Fmedia&parent=913"}],"curies":[{"name":"wp","href":"https:\/\/api.w.org\/{rel}","templated":true}]}}